 factors of l.
43
Suppose -z = -97 - 68. Suppose -3*g = -2*i - 180, -53*g + 348 = -4*i - 49*g. Let w = z + i. List the prime factors of w.
2, 3, 7
Let d(v) = -424*v + 2748. What are the prime factors of d(-5)?
2, 1217
Suppose -19*q + 86 = -66. What are the prime factors of (4 - (2 + q)) + 180?
2, 3, 29
Suppose 4*f = 1979 - 475. Let l = -33 + f. List the prime factors of l.
7
Suppose -5*k - 2*b = 64, 4*k + 3*b - 4*b = -46. List the prime factors of (-2924)/k + 2/(-3).
3
Let i(k) = 237*k**2 + 16*k - 30. What are the prime factors of i(-8)?
2, 5, 19, 79
Suppose -4*h - 40*h + 841348 - 139196 = 0. List the prime factors of h.
2, 79, 101
Let a(p) = 4*p**3 - 3*p**2 + p + 6. Let b be a(-3). List the prime factors of (-44)/b + (-9634)/(-6).
2, 11, 73
Let c(q) = -2*q**2 + 5*q + 5. Let u be c(3). Let r be ((-2)/7 + (-12)/(-42))/u. Suppose r = g + 26 - 84. List the prime factors of g.
2, 29
Let p(n) = 1402*n - 28. Let h(m) = 702*m - 14. Let s(u) = -9*h(u) + 4*p(u). List the prime factors of s(-1).
2, 181
Let s = -47 - 79. Let p be ((-2)/6)/(14/s). Suppose 0 = -f + p*d - 5*d, 0 = 2*f - 4*d - 16. What are the prime factors of f?
2
Let g = 14190 - 8104. What are the prime factors of g?
2, 17, 179
Suppose 12*o = 14*o. What are the prime factors of 33 + 1 + 0 - (0 + o)?
2, 17
Let m(i) = i - 5. Let k be m(9). Suppose 0*p + 2*s - 26 = -4*p, k*p - 11 = s. Suppose p*v + 4*v = 480. List the prime factors of v.
2, 3, 5
Let o(n) = -n**3 + 4*n**2 + 4*n + 8. Let w be o(5). Suppose 4*b - 25 = -3*i + 20, 0 = i + w*b - 15. List the prime factors of 75 - (3 - 2/(6/i)).
7, 11
Let w(l) = -l**3 + 14*l**2 - 24*l + 8. Let o be (-24)/(-32)*(1 + 3). Suppose -5*y + 53 = 3*d, 5*y + 4*d = o*d + 51. List the prime factors of w(y).
2, 3, 7
Suppose 43*p + 612 = 39*p. Let c be p/(-1) + 8 + -11. Let j = c + -24. What are the prime factors of j?
2, 3, 7
Suppose 38 = 4*m + 30, 0 = 2*g - 4*m - 31882. What are the prime factors of g?
3, 5, 1063
Suppose -35*n + 203090 = 11*n. List the prime factors of n.
5, 883
Let s = 191 + -47. Suppose -d + 6*m - 5*m = -s, 154 = d + m. What are the prime factors of d?
149
Let c = 274 + 343. Suppose -7*s + c = -384. List the prime factors of s.
11, 13
Suppose -4*f + n = -384, f + 2*f + 5*n = 288. Suppose -f = -5*y + 49. Suppose -34*b + 845 = -y*b. What are the prime factors of b?
13
Suppose 1959 + 19393 = 8*i. Suppose -l = 3*w - i, -4*l = 2*w + l - 1775. List the prime factors of w.
2, 5, 89
Let h(s) = -3*s**3 - 4*s**2 - 10*s + 126. Let t(j) = -j**3 - 3*j**2 - 5*j + 62. Let u(y) = -4*h(y) + 9*t(y). What are the prime factors of u(7)?
509
Let u(y) = -y - 1. Let h(z) = 2*z**3 - 9*z**2 - 3*z + 18. Let s(w) = h(w) - 5*u(w). What are the prime factors of s(6)?
11, 13
Suppose 0 = 2574*g - 2585*g + 105798. List the prime factors of g.
2, 3, 7, 229
Let s(w) = 49006*w**2 - 197*w - 199. What are the prime factors of s(-1)?
2, 12251
Suppose h = 3*k + 12, 5*k = 6*k + 4. Let g(d) = d - 1. Let i(x) = 4*x - 2. Let y(o) = -3*g(o) - i(o). List the prime factors of y(h).
5
What are the prime factors of (70 + -77)/(4/(-17596))?
7, 53, 83
Suppose -5*m - 5*h - 65 = 0, -44 = m + 2*m - 2*h. Let t(i) = -i**3 - 14*i**2 - 29*i + 31. What are the prime factors of t(m)?
19, 23
Let q(b) = 1317*b + 3469. List the prime factors of q(10).
7, 2377
Suppose -6*z = -k - 11*z + 4, z = -k + 4. Suppose -k*l + 1313 = -179. What are the prime factors of l?
373
Let m(k) = k**2 + 10*k - 83. Let l be m(-16). Let h(n) = -n**3 + 15*n**2 + 12*n + 18. What are the prime factors of h(l)?
2
Let g(h) = -5*h + 36. Let v be g(11). What are the prime factors of -990*v/(57/2)?
2, 3, 5, 11
Let p(l) = -2*l**3 - 36*l**2 - l - 6. Let n be p(-18). Suppose n*j - 9*j - 12 = 0, s - j = 314. List the prime factors of s.
2, 3, 53
Let p(q) = -q**3 + 5*q**2 + 8*q - 9. Let f be p(6). Suppose 5*b = 3*k - 3, 6*k + 3*b = f*k + 3. What are the prime factors of 4/k - 288/(-6)?
2, 13
Suppose -3*v + 13 - 5 = -n, -4*v = -5*n - 73. Let k(d) = d**3 + 17*d**2 - 27*d - 76. What are the prime factors of k(n)?
383
Suppose y + 2 = 3*y. Suppose -l - 3*q = -y, -4*q - 2 = l - 1. What are the prime factors of (l/((-140)/144))/(2/(-20))?
2, 3
Suppose -s + 3 = 0, -2*i + 4*s + 8 = 3*i. Suppose y + 4*q - 102 = 95, 4*y - 848 = -i*q. What are the prime factors of y?
7, 31
Let t be (-4)/(-26) + 1326/169. Suppose 13*r = 12*r + t. What are the prime factors of 146*((-12)/r)/(-3)?
73
Let j be -3*(-7 - -8)*37*-1. Let i be j*-1 - (-14 + 11). Let a = i + 156. What are the prime factors of a?
2, 3
Let w(d) = 11*d**2 - 65*d - 4024. List the prime factors of w(88).
2, 5, 23, 41
Let l = -74366 - -137326. List the prime factors of l.
2, 5, 787
Let m = 186 - 332. Let g = m + 178. List the prime factors of g.
2
Let t = -325 + 329. Suppose -659 = 3*h - t*h - 5*c, c + 1263 = 2*h. What are the prime factors of h?
2, 317
Let g = 281 - 277. Let z = 14 - 9. Suppose -g*j = -z*j + 90. What are the prime factors of j?
2, 3, 5
Suppose 0 = -0*t - t + 3*g + 64, t - 5*g = 60. Suppose 9*l + t = 4*l. Let o = l + 36. What are the prime factors of o?
2, 11
Let o(v) = 3*v**2 - 2*v - 2. Let n be o(3). Let z(l) = n*l**2 - 5*l**2 - 6 + 5 + 2*l. What are the prime factors of z(1)?
3, 5
Suppose -18278*f + 220238 = -18271*f - 71067. List the prime factors of f.
5, 7, 29, 41
Let j be (-16)/((-2)/(-11) + (-336)/154). List the prime factors of (-2)/j + (-189)/(-4) + 2.
7
Let j(f) = 4*f - 35. Let i be j(7). Let v = i - -48. What are the prime factors of v?
41
Let t(n) be the first derivative of 89*n**3/3 + 24*n**2 + 195*n + 190. What are the prime factors of t(-4)?
1427
Let l = 236 - 232. What are the prime factors of (-14*l/(-6))/((-2)/(-81))?
2, 3, 7
Let c(q) = -16*q + 40. Let l(r) = -r**3 - 7*r**2 + 2*r - 4. Let x be l(-7). Let g be c(x). Suppose -3*t + g = t. List the prime factors of t.
2, 41
Let q(b) be the second derivative of 227*b**3/6 - 19*b**2/2 - 34*b. List the prime factors of q(8).
3, 599
Suppose 0 = -32*i + 657 - 337. Let d = 14 + 96. Suppose i*u - 8*u = d. What are the prime factors of u?
5, 11
Let b(c) = 4*c**2 - 8. Let x be b(-6). Suppose -x = -4*k + 304. List the prime factors of k.
2, 5, 11
Let a(l) = -13*l**2 + 53*l + 83. Let g(p) = 3*p**2 - 13*p - 21. Let o(x) = 2*a(x) + 9*g(x). Let n be o(13). List the prime factors of (-90)/35*-14*n.
2, 3
Let m = -19 + 23. Suppose 6*k = -x + 4*k + 223, m*x = -3*k + 882. What are the prime factors of x?
3, 73
Let n = 130039 - 68642. What are the prime factors of n?
7, 179
Let h(v) = 375*v - 929. What are the prime factors of h(21)?
2, 23, 151
Let q = 466 - 462. What are the prime factors of 38/q*(-82 + 84)?
19
List the prime factors of ((-638)/10 + (-12)/(-20))/(4/(-120)).
2, 3, 79
Suppose -4*g - 2700 = 2*g. List the prime factors of (g/21)/((-1)/7).
2, 3, 5
Suppose -1650 = 3*h - 441. Let l = h + 277. Let n = l - -234. What are the prime factors of n?
2, 3
Let y be 5 - 40266/(-33) - (-10)/(-55). Let j = y - 250. What are the prime factors of j?
3, 5, 13
Let z = -3550 + 7906. What are the prime factors of z?
2, 3, 11
Let a(g) = 87*g**2 - 164*g - 417. List the prime factors of a(21).
2, 3, 71
Suppose -67*v + 73294 + 216074 = -119198. What are the prime factors of v?
2, 3049
Let n(d) = 2*d**2 - 12*d - 2. Let a be n(7). Suppose a*g - 10 = -202. List the prime factors of g/3*162/(-24).
2, 3
What are the prime factors of (1 - -151)/((-20)/(-140) + 354/(-2674))?
2, 19, 191
List the prime factors of 238953/9 + (-240)/180 - 8.
3, 983
Let v = -14949 - -28060. What are the prime factors of v?
7, 1873
Let k(i) be the second derivative of 19*i**4/12 + 19*i**3/6 - 20*i**2 + 46*i. What are the prime factors of k(2)?
2, 37
Suppose 0 = -7*v - 5*h + 37972, 8*v - 13*v - h + 27110 = 0. List the prime factors of v.
3, 13, 139
Let d = 1213 + 7654. What are the prime factors of d?
8867
Let o = -250 - -159. Let z = o + 257. What are the prime factors of z?
2, 83
Suppose -1490 - 134 = -8*a. Suppose -3*y = 2*p - a, -6*p = -4*p - 4*y - 224. Let r = 112 - p. List the prime factors of r.
2, 3
Let p(v) = 1416*v**2 - 100*v - 195. What are the prime factors of p(-2)?
5669
Let g = 22302 - 14928. What are the prime factors of g?
2, 3, 1229
Suppose 19 = o - 2*z, -o - 4*z + 38 = -5. Suppose -o*f - 12 = -31*f. List the prime factors of (-23)/f*(-24 - 0).
2, 23
Let p